{"id":23631,"date":"2016-09-11T22:38:11","date_gmt":"2016-09-11T20:38:11","guid":{"rendered":"https:\/\/electriciens-sans-frontieres.org\/qui-sommes-nous\/"},"modified":"2025-12-05T09:53:50","modified_gmt":"2025-12-05T08:53:50","slug":"qui-sommes-nous","status":"publish","type":"page","link":"https:\/\/www.electriciens-sans-frontieres.org\/en\/qui-sommes-nous\/","title":{"rendered":"Who are we ?"},"content":{"rendered":"<div class=\"wpb-content-wrapper\"><p>[vc_row full_width=&#8221;stretch_row&#8221; content_placement=&#8221;middle&#8221; css=&#8221;.vc_custom_1556126412585{background-color: #ededed !important;}&#8221; el_class=&#8221;grey-row&#8221;][vc_column][vc_custom_heading defined_color=&#8221;black&#8221; text=&#8221;electriciens sans Fronti\u00e8res&#8221; use_theme_fonts=&#8221;yes&#8221;][vc_column_text]<\/p>\n<p style=\"text-align: justify;\">Electriciens sans fronti\u00e8res, an international solidarity NGO, fights against inequalities in access to electricity and water around the world. With the support of 1,200 volunteers and in partnership with local players, we promote economic and human development through the use of renewable energies.<\/p>\n<p>[\/vc_column_text][\/vc_column][\/vc_row][vc_row full_width=&#8221;stretch_row&#8221;][vc_column][vc_custom_heading defined_color=&#8221;black&#8221; text=&#8221;The Energy of Development&#8221; use_theme_fonts=&#8221;yes&#8221;][vc_separator align=&#8221;align_left&#8221; border_width=&#8221;2&#8243; el_width=&#8221;30&#8243;][vc_column_text el_class=&#8221;justify&#8221;]<\/p>\n<p style=\"text-align: justify;\">Our aim is to improve living conditions for the most disadvantaged populations by making access to energy and water a lever for economic and human development.<\/p>\n<p style=\"text-align: justify;\">We build our projects by systematically combining development levers and the integration of environmental issues! Our 8 development levers are: access to quality water, food security, health, education, personal safety and social life, training, economic development and the fight against climate change.<\/p>\n<p style=\"text-align: justify;\">To reduce energy poverty, combat climate change and promote the energy transition, we use renewable energies.<\/p>\n<p>[\/vc_column_text][vc_empty_space height=&#8221;10px&#8221;][vc_row_inner][vc_column_inner width=&#8221;1\/3&#8243; css=&#8221;.vc_custom_1564756361387{background-image: url(https:\/\/www.electriciens-sans-frontieres.org\/wp-content\/uploads\/2019\/08\/Untitled-design1-2.png?id=21866) !important;}&#8221;][vc_column_text]<\/p>\n<h4>VOLUNTEERING<\/h4>\n<p style=\"text-align: justify;\">Volunteer and committed, in France and around the world, many of them are writing the humanitarian and solidarity story of our association today.<\/p>\n<p>[\/vc_column_text][vc_empty_space height=&#8221;10px&#8221;][\/vc_column_inner][vc_column_inner width=&#8221;1\/3&#8243; css=&#8221;.vc_custom_1564748468600{background-image: url(https:\/\/www.electriciens-sans-frontieres.org\/wp-content\/uploads\/2019\/08\/Untitled-design2.png?id=21856) !important;}&#8221;][vc_column_text]<\/p>\n<h4>SOCIAL MODEL AND SUSTAINABILITY<\/h4>\n<p style=\"text-align: justify;\">We prioritize community services, train local players and help create income-generating activities to ensure the sustainability of our projects.<\/p>\n<p>[\/vc_column_text][vc_empty_space height=&#8221;10px&#8221;][\/vc_column_inner][vc_column_inner width=&#8221;1\/3&#8243; css=&#8221;.vc_custom_1564755742051{background-image: url(https:\/\/www.electriciens-sans-frontieres.org\/wp-content\/uploads\/2019\/08\/Untitled-design-1.png?id=21863) !important;}&#8221;][vc_column_text]<\/p>\n<h4 style=\"text-align: justify;\">RENEWABLE ENERGIES<\/h4>\n<p style=\"text-align: justify;\">89% of our development projects use renewable energies. Our action focuses on two aspects: mitigation and adaptation.<\/p>\n<p>[\/vc_column_text][vc_empty_space height=&#8221;10px&#8221;][\/vc_column_inner][\/vc_row_inner][vc_empty_space height=&#8221;10px&#8221;][\/vc_column][\/vc_row][vc_row full_width=&#8221;stretch_row_content&#8221; equal_height=&#8221;yes&#8221; content_placement=&#8221;top&#8221; css=&#8221;.vc_custom_1567976384818{background-color: rgba(250,188,65,0.9) !important;*background-color: rgb(250,188,65) !important;}&#8221;][vc_column offset=&#8221;vc_col-lg-offset-3 vc_col-lg-6 vc_col-md-offset-2 vc_col-md-8 vc_col-xs-12&#8243;][vc_video link=&#8221;https:\/\/www.youtube.com\/watch?v=U6TZEqZWxVQ&#8221; align=&#8221;center&#8221;][\/vc_column][\/vc_row][vc_row][vc_column][vc_empty_space height=&#8221;5px&#8221;][vc_custom_heading defined_color=&#8221;black&#8221; text=&#8221;Our history&#8221; use_theme_fonts=&#8221;yes&#8221;][vc_separator align=&#8221;align_left&#8221; border_width=&#8221;2&#8243; el_width=&#8221;30&#8243;][\/vc_column][\/vc_row][vc_row][vc_column]<ul class=\"timeline_items\">\n    <li>\n    <h3><span>2019<\/span><div><\/div><\/h3>\n    <div class=\"desc\">\n        Electriciens sans fronti\u00e8res accroit sa reconnaissance internationale, en 2019 nous recevons le <a href=\"https:\/\/electriciens-sans-frontieres.org\/actualites\/cop-25-a-madrid-nos-actions-concretes-pour-un-acces-universel-a-lenergie-et-la-preservation-du-climat\/\">prix ONU<\/a> de l\u2019innovation climatique \u00e0 la <a href=\"https:\/\/www.climate-chance.org\/agenda\/cop25\/\">COP25<\/a> au titre des r\u00e9alisations r\u00e9silientes sur <a href=\"https:\/\/electriciens-sans-frontieres.org\/projet\/ile-de-la-dominique-de-lurgence-a-la-resilience\/\">l\u2019\u00eele de la Dominique<\/a> et le <a href=\"https:\/\/electriciens-sans-frontieres.org\/actualites\/electriciens-sans-frontieres-remporte-le-prix-zayed-pour-le-developpement-durable\/\">prix Zayed Sustainability<\/a> suite au programme de formation men\u00e9 dans le <a href=\"https:\/\/electriciens-sans-frontieres.org\/projet\/lumiere-pour-les-rohingyas-dans-le-camp-de-coxs-bazar\/\">camp de r\u00e9fugi\u00e9s Rohingyas<\/a> au Bangladesh.    <\/div>\n<\/li><li>\n    <h3><span>2017<\/span><div><\/div><\/h3>\n    <div class=\"desc\">\n        Le minist\u00e8re de l\u2019Europe et des Affaires \u00e9trang\u00e8res et Electriciens sans fronti\u00e8res ont conclu un partenariat pour la gestion de situations d\u2019urgence humanitaires : 10 acteurs majeurs de la fili\u00e8re \u00e9lectrique, entreprises ou fondations d\u2019entreprises, ont \u00e9t\u00e9 associ\u00e9s \u00e0 cette convention et seront mobilis\u00e9s pour r\u00e9aliser les op\u00e9rations d\u2019urgence dans les meilleures conditions.    <\/div>\n<\/li><li>\n    <h3><span>2014<\/span><div><\/div><\/h3>\n    <div class=\"desc\">\n        Electriciens sans fronti\u00e8res obtient l&#8217;autorisation \u00ab <a href=\"http:\/\/www.donenconfiance.org\/\">Don en confiance<\/a> \u00bb qui fait suite \u00e0 une p\u00e9riode d\u2019audit de pr\u00e8s d\u2019un an effectu\u00e9e par des instructeurs de l\u2019organisation du don en confiance.    <\/div>\n<\/li><li>\n    <h3><span>2013<\/span><div><\/div><\/h3>\n    <div class=\"desc\">\n        Electriciens sans fronti\u00e8res compte plus de 1000 b\u00e9n\u00e9voles engag\u00e9s et obtient la reconnaissance d\u2019utilit\u00e9 publique.    <\/div>\n<\/li><li>\n    <h3><span>2004<\/span><div><\/div><\/h3>\n    <div class=\"desc\">\n        L\u2019ONG intervient pour la premi\u00e8re fois en situation d\u2019urgence suite au tsunami ravageur de l\u2019\u00eele de Gan (Maldives). Aux c\u00f4t\u00e9s de la <a href=\"https:\/\/www.croix-rouge.fr\/\">Croix-Rouge<\/a> et du <a href=\"https:\/\/www.secours-catholique.org\/\">Secours Catholique<\/a>, la mission permettra la r\u00e9habilitation de plus de 500 maisons, 1 h\u00f4pital, 1 \u00e9cole et des infrastructures routi\u00e8res.    <\/div>\n<\/li><li>\n    <h3><span>1986<\/span><div><\/div><\/h3>\n    <div class=\"desc\">\n        L\u2019ONG na\u00eet de la volont\u00e9 de salari\u00e9s du secteur de l\u2019\u00e9lectricit\u00e9 de mettre leurs comp\u00e9tences au service de projets de solidarit\u00e9 internationale en utilisant l&#8217;\u00e9nergie comme levier de d\u00e9veloppement.    <\/div>\n<\/li><\/ul>[vc_empty_space height=&#8221;10px&#8221;][vc_custom_heading defined_color=&#8221;black&#8221; text=&#8221;TO GO FURTHER&#8221; font_container=&#8221;tag:h3|text_align:left&#8221; use_theme_fonts=&#8221;yes&#8221;][vc_separator align=&#8221;align_left&#8221; border_width=&#8221;2&#8243; el_width=&#8221;30&#8243;][vc_empty_space height=&#8221;5px&#8221;]<div class=\"esf-news featured\"><div class=\"ul-first\"><div class=\"post-41726 post type-post status-publish format-standard has-post-thumbnail hentry category-news category-a-la-une-en category-on-the-ground\"><div class=\"photo\" style=\"background-image: url(https:\/\/www.electriciens-sans-frontieres.org\/wp-content\/uploads\/2025\/12\/photo-116-scaled.jpg)\"><a href=\"https:\/\/www.electriciens-sans-frontieres.org\/en\/news\/an-energy-transition-that-benefits-health-society-and-young-people-moldova\/\"><div class=\"title-container\"><div class=\"container\"><div class=\"row\"><div class=\"col-md-5 col-md-offset-2\"><h5 class=\"upper\">News<\/h5><h2>An energy transition that benefits health, society and young people #Moldova<\/h2><\/div><\/div><\/div><\/div><\/a><\/div><div class=\"desc\"><div class=\"desc_footer\"><div class=\"container\"><div class=\"row\"><div class=\"col-md-8 col-md-offset-2\"><span class=\"date\">16 December 2025<\/span><\/div><\/div><\/div><\/div><\/div><\/div><\/div><div class=\"ul-second container col-md-8 col-md-offset-2\"><div class=\"col-md-4 col-sm-6 post-41391 post type-post status-publish format-standard has-post-thumbnail hentry category-news category-a-la-une-en\"><a href=\"https:\/\/www.electriciens-sans-frontieres.org\/en\/news\/solidarity-energyweek-2025\/\"><img loading=\"lazy\" decoding=\"async\" width=\"300\" height=\"150\" src=\"https:\/\/www.electriciens-sans-frontieres.org\/wp-content\/uploads\/2025\/10\/IMG_7738-300x150.jpeg\" class=\"scale-with-grid wp-post-image\" alt=\"\" \/><span class=\"date\">14 October 2025<\/span><h4>Review of Solidarity Energy Week 2025 #solidarityenergy<\/h4><\/a><\/div><div class=\"col-md-4 col-sm-6 post-40903 post type-post status-publish format-standard has-post-thumbnail hentry category-news category-events category-a-la-une-en\"><a href=\"https:\/\/www.electriciens-sans-frontieres.org\/en\/news\/ses2025-en-2\/\"><img loading=\"lazy\" decoding=\"async\" width=\"300\" height=\"150\" src=\"https:\/\/www.electriciens-sans-frontieres.org\/wp-content\/uploads\/2024\/08\/Restitution-Des-Traveaux-Electriciens-Sans-Frontieres-Feouda-2-300x150.jpg\" class=\"scale-with-grid wp-post-image\" alt=\"\" \/><span class=\"date\">26 September 2025<\/span><h4>Electriciens sans fronti\u00e8res launches Solidarity Energy Week 2025<\/h4><\/a><\/div><div class=\"col-md-4 col-sm-6 hidden-sm post-40845 post type-post status-publish format-standard has-post-thumbnail hentry category-news category-events category-a-la-une-en\"><a href=\"https:\/\/www.electriciens-sans-frontieres.org\/en\/news\/organizational-strengthening-towards-robustness\/\"><img loading=\"lazy\" decoding=\"async\" width=\"300\" height=\"150\" src=\"https:\/\/www.electriciens-sans-frontieres.org\/wp-content\/uploads\/2025\/09\/WhatsApp-Image-2025-09-08-at-09.09.364-1-300x150.jpeg\" class=\"scale-with-grid wp-post-image\" alt=\"\" \/><span class=\"date\">22 September 2025<\/span><h4>Organisational strengthening on the seminar agenda: towards robustness<\/h4><\/a><\/div><\/div><\/div>\n[\/vc_column][\/vc_row][vc_row full_width=&#8221;stretch_row_content&#8221;][vc_column css=&#8221;.vc_custom_1556792383082{padding-top: 35px !important;}&#8221;][vc_empty_space height=&#8221;10px&#8221;][vc_separator border_width=&#8221;2&#8243;][\/vc_column][\/vc_row]<\/p>\n<\/div>","protected":false},"excerpt":{"rendered":"<p>[vc_row full_width=&#8221;stretch_row&#8221; content_placement=&#8221;middle&#8221; css=&#8221;.vc_custom_1556126412585{background-color: #ededed !important;}&#8221; el_class=&#8221;grey-row&#8221;][vc_column][vc_custom_heading defined_color=&#8221;black&#8221; text=&#8221;electriciens sans Fronti\u00e8res&#8221; use_theme_fonts=&#8221;yes&#8221;][vc_column_text] Electriciens sans fronti\u00e8res, an international solidarity NGO, fights against inequalities in access to electricity<span class=\"excerpt-hellip\"> [\u2026]<\/span><\/p>\n","protected":false},"author":10,"featured_media":0,"parent":0,"menu_order":5,"comment_status":"closed","ping_status":"closed","template":"","meta":{"footnotes":""},"class_list":["post-23631","page","type-page","status-publish","hentry"],"_links":{"self":[{"href":"https:\/\/www.electriciens-sans-frontieres.org\/en\/wp-json\/wp\/v2\/pages\/23631","targetHints":{"allow":["GET"]}}],"collection":[{"href":"https:\/\/www.electriciens-sans-frontieres.org\/en\/wp-json\/wp\/v2\/pages"}],"about":[{"href":"https:\/\/www.electriciens-sans-frontieres.org\/en\/wp-json\/wp\/v2\/types\/page"}],"author":[{"embeddable":true,"href":"https:\/\/www.electriciens-sans-frontieres.org\/en\/wp-json\/wp\/v2\/users\/10"}],"replies":[{"embeddable":true,"href":"https:\/\/www.electriciens-sans-frontieres.org\/en\/wp-json\/wp\/v2\/comments?post=23631"}],"version-history":[{"count":31,"href":"https:\/\/www.electriciens-sans-frontieres.org\/en\/wp-json\/wp\/v2\/pages\/23631\/revisions"}],"predecessor-version":[{"id":38153,"href":"https:\/\/www.electriciens-sans-frontieres.org\/en\/wp-json\/wp\/v2\/pages\/23631\/revisions\/38153"}],"wp:attachment":[{"href":"https:\/\/www.electriciens-sans-frontieres.org\/en\/wp-json\/wp\/v2\/media?parent=23631"}],"curies":[{"name":"wp","href":"https:\/\/api.w.org\/{rel}","templated":true}]}}

<div class="wpb-content-wrapper"><p>[vc_row full_width=&#8221;stretch_row&#8221; content_placement=&#8221;middle&#8221; css=&#8221;.vc_custom_1556126412585{background-color: #ededed !important;}&#8221; el_class=&#8221;grey-row&#8221;][vc_column][vc_custom_heading defined_color=&#8221;black&#8221; text=&#8221;electriciens sans Frontières&#8221; use_theme_fonts=&#8221;yes&#8221;][vc_column_text]</p>
<p style="text-align: justify;">Electriciens sans frontières, an international solidarity NGO, fights against inequalities in access to electricity and water around the world. With the support of 1,200 volunteers and in partnership with local players, we promote economic and human development through the use of renewable energies.</p>
<p>[/vc_column_text][/vc_column][/vc_row][vc_row full_width=&#8221;stretch_row&#8221;][vc_column][vc_custom_heading defined_color=&#8221;black&#8221; text=&#8221;The Energy of Development&#8221; use_theme_fonts=&#8221;yes&#8221;][vc_separator align=&#8221;align_left&#8221; border_width=&#8221;2&#8243; el_width=&#8221;30&#8243;][vc_column_text el_class=&#8221;justify&#8221;]</p>
<p style="text-align: justify;">Our aim is to improve living conditions for the most disadvantaged populations by making access to energy and water a lever for economic and human development.</p>
<p style="text-align: justify;">We build our projects by systematically combining development levers and the integration of environmental issues! Our 8 development levers are: access to quality water, food security, health, education, personal safety and social life, training, economic development and the fight against climate change.</p>
<p style="text-align: justify;">To reduce energy poverty, combat climate change and promote the energy transition, we use renewable energies.</p>
<p>[/vc_column_text][vc_empty_space height=&#8221;10px&#8221;][vc_row_inner][vc_column_inner width=&#8221;1/3&#8243; css=&#8221;.vc_custom_1564756361387{background-image: url(https://www.electriciens-sans-frontieres.org/wp-content/uploads/2019/08/Untitled-design1-2.png?id=21866) !important;}&#8221;][vc_column_text]</p>
<h4>VOLUNTEERING</h4>
<p style="text-align: justify;">Volunteer and committed, in France and around the world, many of them are writing the humanitarian and solidarity story of our association today.</p>
<p>[/vc_column_text][vc_empty_space height=&#8221;10px&#8221;][/vc_column_inner][vc_column_inner width=&#8221;1/3&#8243; css=&#8221;.vc_custom_1564748468600{background-image: url(https://www.electriciens-sans-frontieres.org/wp-content/uploads/2019/08/Untitled-design2.png?id=21856) !important;}&#8221;][vc_column_text]</p>
<h4>SOCIAL MODEL AND SUSTAINABILITY</h4>
<p style="text-align: justify;">We prioritize community services, train local players and help create income-generating activities to ensure the sustainability of our projects.</p>
<p>[/vc_column_text][vc_empty_space height=&#8221;10px&#8221;][/vc_column_inner][vc_column_inner width=&#8221;1/3&#8243; css=&#8221;.vc_custom_1564755742051{background-image: url(https://www.electriciens-sans-frontieres.org/wp-content/uploads/2019/08/Untitled-design-1.png?id=21863) !important;}&#8221;][vc_column_text]</p>
<h4 style="text-align: justify;">RENEWABLE ENERGIES</h4>
<p style="text-align: justify;">89% of our development projects use renewable energies. Our action focuses on two aspects: mitigation and adaptation.</p>
<p>[/vc_column_text][vc_empty_space height=&#8221;10px&#8221;][/vc_column_inner][/vc_row_inner][vc_empty_space height=&#8221;10px&#8221;][/vc_column][/vc_row][vc_row full_width=&#8221;stretch_row_content&#8221; equal_height=&#8221;yes&#8221; content_placement=&#8221;top&#8221; css=&#8221;.vc_custom_1567976384818{background-color: rgba(250,188,65,0.9) !important;*background-color: rgb(250,188,65) !important;}&#8221;][vc_column offset=&#8221;vc_col-lg-offset-3 vc_col-lg-6 vc_col-md-offset-2 vc_col-md-8 vc_col-xs-12&#8243;][vc_video link=&#8221;https://www.youtube.com/watch?v=U6TZEqZWxVQ&#8221; align=&#8221;center&#8221;][/vc_column][/vc_row][vc_row][vc_column][vc_empty_space height=&#8221;5px&#8221;][vc_custom_heading defined_color=&#8221;black&#8221; text=&#8221;Our history&#8221; use_theme_fonts=&#8221;yes&#8221;][vc_separator align=&#8221;align_left&#8221; border_width=&#8221;2&#8243; el_width=&#8221;30&#8243;][/vc_column][/vc_row][vc_row][vc_column]<ul class="timeline_items">
    <li>
    <h3><span>2019</span><div></div></h3>
    <div class="desc">
        Electriciens sans frontières accroit sa reconnaissance internationale, en 2019 nous recevons le <a href="https://electriciens-sans-frontieres.org/actualites/cop-25-a-madrid-nos-actions-concretes-pour-un-acces-universel-a-lenergie-et-la-preservation-du-climat/">prix ONU</a> de l’innovation climatique à la <a href="https://www.climate-chance.org/agenda/cop25/">COP25</a> au titre des réalisations résilientes sur <a href="https://electriciens-sans-frontieres.org/projet/ile-de-la-dominique-de-lurgence-a-la-resilience/">l’île de la Dominique</a> et le <a href="https://electriciens-sans-frontieres.org/actualites/electriciens-sans-frontieres-remporte-le-prix-zayed-pour-le-developpement-durable/">prix Zayed Sustainability</a> suite au programme de formation mené dans le <a href="https://electriciens-sans-frontieres.org/projet/lumiere-pour-les-rohingyas-dans-le-camp-de-coxs-bazar/">camp de réfugiés Rohingyas</a> au Bangladesh.    </div>
</li><li>
    <h3><span>2017</span><div></div></h3>
    <div class="desc">
        Le ministère de l’Europe et des Affaires étrangères et Electriciens sans frontières ont conclu un partenariat pour la gestion de situations d’urgence humanitaires : 10 acteurs majeurs de la filière électrique, entreprises ou fondations d’entreprises, ont été associés à cette convention et seront mobilisés pour réaliser les opérations d’urgence dans les meilleures conditions.    </div>
</li><li>
    <h3><span>2014</span><div></div></h3>
    <div class="desc">
        Electriciens sans frontières obtient l&#8217;autorisation « <a href="http://www.donenconfiance.org/">Don en confiance</a> » qui fait suite à une période d’audit de près d’un an effectuée par des instructeurs de l’organisation du don en confiance.    </div>
</li><li>
    <h3><span>2013</span><div></div></h3>
    <div class="desc">
        Electriciens sans frontières compte plus de 1000 bénévoles engagés et obtient la reconnaissance d’utilité publique.    </div>
</li><li>
    <h3><span>2004</span><div></div></h3>
    <div class="desc">
        L’ONG intervient pour la première fois en situation d’urgence suite au tsunami ravageur de l’île de Gan (Maldives). Aux côtés de la <a href="https://www.croix-rouge.fr/">Croix-Rouge</a> et du <a href="https://www.secours-catholique.org/">Secours Catholique</a>, la mission permettra la réhabilitation de plus de 500 maisons, 1 hôpital, 1 école et des infrastructures routières.    </div>
</li><li>
    <h3><span>1986</span><div></div></h3>
    <div class="desc">
        L’ONG naît de la volonté de salariés du secteur de l’électricité de mettre leurs compétences au service de projets de solidarité internationale en utilisant l&#8217;énergie comme levier de développement.    </div>
</li></ul>[vc_empty_space height=&#8221;10px&#8221;][vc_custom_heading defined_color=&#8221;black&#8221; text=&#8221;TO GO FURTHER&#8221; font_container=&#8221;tag:h3|text_align:left&#8221; use_theme_fonts=&#8221;yes&#8221;][vc_separator align=&#8221;align_left&#8221; border_width=&#8221;2&#8243; el_width=&#8221;30&#8243;][vc_empty_space height=&#8221;5px&#8221;]<div class="esf-news featured"><div class="ul-first"><div class="post-41726 post type-post status-publish format-standard has-post-thumbnail hentry category-news category-a-la-une-en category-on-the-ground"><div class="photo" style="background-image: url(https://www.electriciens-sans-frontieres.org/wp-content/uploads/2025/12/photo-116-scaled.jpg)"><a href="https://www.electriciens-sans-frontieres.org/en/news/an-energy-transition-that-benefits-health-society-and-young-people-moldova/"><div class="title-container"><div class="container"><div class="row"><div class="col-md-5 col-md-offset-2"><h5 class="upper">News</h5><h2>An energy transition that benefits health, society and young people #Moldova</h2></div></div></div></div></a></div><div class="desc"><div class="desc_footer"><div class="container"><div class="row"><div class="col-md-8 col-md-offset-2"><span class="date">16 December 2025</span></div></div></div></div></div></div></div><div class="ul-second container col-md-8 col-md-offset-2"><div class="col-md-4 col-sm-6 post-41391 post type-post status-publish format-standard has-post-thumbnail hentry category-news category-a-la-une-en"><a href="https://www.electriciens-sans-frontieres.org/en/news/solidarity-energyweek-2025/"><img loading="lazy" decoding="async" width="300" height="150" src="https://www.electriciens-sans-frontieres.org/wp-content/uploads/2025/10/IMG_7738-300x150.jpeg" class="scale-with-grid wp-post-image" alt="" /><span class="date">14 October 2025</span><h4>Review of Solidarity Energy Week 2025 #solidarityenergy</h4></a></div><div class="col-md-4 col-sm-6 post-40903 post type-post status-publish format-standard has-post-thumbnail hentry category-news category-events category-a-la-une-en"><a href="https://www.electriciens-sans-frontieres.org/en/news/ses2025-en-2/"><img loading="lazy" decoding="async" width="300" height="150" src="https://www.electriciens-sans-frontieres.org/wp-content/uploads/2024/08/Restitution-Des-Traveaux-Electriciens-Sans-Frontieres-Feouda-2-300x150.jpg" class="scale-with-grid wp-post-image" alt="" /><span class="date">26 September 2025</span><h4>Electriciens sans frontières launches Solidarity Energy Week 2025</h4></a></div><div class="col-md-4 col-sm-6 hidden-sm post-40845 post type-post status-publish format-standard has-post-thumbnail hentry category-news category-events category-a-la-une-en"><a href="https://www.electriciens-sans-frontieres.org/en/news/organizational-strengthening-towards-robustness/"><img loading="lazy" decoding="async" width="300" height="150" src="https://www.electriciens-sans-frontieres.org/wp-content/uploads/2025/09/WhatsApp-Image-2025-09-08-at-09.09.364-1-300x150.jpeg" class="scale-with-grid wp-post-image" alt="" /><span class="date">22 September 2025</span><h4>Organisational strengthening on the seminar agenda: towards robustness</h4></a></div></div></div>
[/vc_column][/vc_row][vc_row full_width=&#8221;stretch_row_content&#8221;][vc_column css=&#8221;.vc_custom_1556792383082{padding-top: 35px !important;}&#8221;][vc_empty_space height=&#8221;10px&#8221;][vc_separator border_width=&#8221;2&#8243;][/vc_column][/vc_row]</p>
</div>

<p>[vc_row full_width=&#8221;stretch_row&#8221; content_placement=&#8221;middle&#8221; css=&#8221;.vc_custom_1556126412585{background-color: #ededed !important;}&#8221; el_class=&#8221;grey-row&#8221;][vc_column][vc_custom_heading defined_color=&#8221;black&#8221; text=&#8221;electriciens sans Frontières&#8221; use_theme_fonts=&#8221;yes&#8221;][vc_column_text] Electriciens sans frontières, an international solidarity NGO, fights against inequalities in access to electricity<span class="excerpt-hellip"> […]</span></p>
